{"id":1670,"date":"2023-08-29T22:21:06","date_gmt":"2023-08-29T20:21:06","guid":{"rendered":"https:\/\/ekidencharleroi.be\/?page_id=1670"},"modified":"2023-08-29T22:22:15","modified_gmt":"2023-08-29T20:22:15","slug":"entreprises","status":"publish","type":"page","link":"https:\/\/ekidencharleroi.be\/index.php\/entreprises\/","title":{"rendered":"Espace entreprises"},"content":{"rendered":"<section class=\"wpb-content-wrapper\"><p>[vc_row css=\u00a0\u00bb.vc_custom_1547042811304{margin-top: 80px !important;}\u00a0\u00bb][vc_column] <h2 style=\"color:#eeeeee;padding:px;text-align:center;font-size:70px;line-height:px;letter-spacing: 0px;font-weight:normal\" class=\"   nd_options_third_font \">COURIR<\/h2>  <h1 style=\"color:;padding:px;text-align:center;font-size:50px;line-height:50px;letter-spacing: 2px;font-weight:lighter\" class=\"  nd_options_font_size_40_important_all_iphone nd_options_first_font \">EN ENTREPRISE<\/h1> [vc_column_text]<\/p>\n<h4 style=\"text-align: center;\"><strong>Rendez-vous le 01 octobre!<\/strong><\/h4>\n<p>&nbsp;[\/vc_column_text]<div style=\"background-color:;height: 20px\" class=\"nicdark_section  \"><\/div>[\/vc_column][\/vc_row][vc_row][vc_column][vc_toggle title=\u00a0\u00bbUn team building en courant\u00a0\u00bb]<\/p>\n<ul>\n<li>Espace enterprises ouvert pour prendre une collation avant la course&nbsp;<\/li>\n<li>Premier d\u00e9part \u00e0 13h00\n<ul>\n<li>relais 5 + 10 + 5 + 10 + 5 + 7km<\/li>\n<\/ul>\n<\/li>\n<li>un bar Chimay et un espace petite restauration&nbsp;<\/li>\n<li>la possibilit\u00e9 de discuter entre vous et avec d&rsquo;autres soci\u00e9t\u00e9s<\/li>\n<li>Dernier relais et remise des prix \u00e0 18h00<\/li>\n<\/ul>\n<p>[\/vc_toggle][vc_toggle title=\u00a0\u00bbD\u00e9roulement de la course\u00a0\u00bb]Le premier relayeur fait 5km (2 x la boucle)<br \/>\nle suivant fait 10km (4x la boucle)<br \/>\nle suivant fait 5km (2x la boucle)<br \/>\nle suivant fait 10km (4x la boucle)<br \/>\nle suivant fait 5km (2x la boucle)<br \/>\nle suivant fait 7km (3x la boucle) et se rend donc \u00e0 l&rsquo;arriv\u00e9e finale.<br \/>\nLes relais se font \u00e0 l&rsquo;aide d&rsquo;un \u00ab\u00a0tazuki\u00a0\u00bb une \u00e9charpe relais.[\/vc_toggle][vc_toggle title=\u00a0\u00bbLocalisation\u00a0\u00bb]Le d\u00e9part et la zone d&rsquo;attente se fait au niveau du \u00ab\u00a0PARKING 3&Prime; du D\u00f4me.&nbsp;<br \/>\nAdresse : rue pige au croly, 6000 Charleroi[\/vc_toggle][\/vc_column][\/vc_row][vc_row css=\u00a0\u00bb.vc_custom_1547042811304{margin-top: 80px !important;}\u00a0\u00bb][vc_column][vc_pricing_table heading=\u00a0\u00bbEntreprises (VIR)\u00a0\u00bb subheading=\u00a0\u00bbPour les entreprises\u00a0\u00bb currency=\u00a0\u00bb\u20ac\u00a0\u00bb price=\u00a0\u00bb240&Prime; period=\u00a0\u00bbhtva\/\u00e9quipe\u00a0\u00bb markers_color=\u00a0\u00bb#eeee22&Prime; btn_title=\u00a0\u00bbJ&rsquo;inscris mon entreprise!\u00a0\u00bb btn_color=\u00a0\u00bborange\u00a0\u00bb btn_link=\u00a0\u00bburl:https%3A%2F%2Fwww.goaltiming.be%2Fcourses%2F671acee0-2ac8-11ee-9d8d-f54b87f5a6dc|target:_blank\u00a0\u00bb]<\/p>\n<ul class=\"wpb-plan-features\">\n<li>Dossards personnalis\u00e9s (jusqu\u2019au 20 septembre)<\/li>\n<li>Chronom\u00e9trage \u00e9lectronique<\/li>\n<li>Tazukis (relais)<\/li>\n<li>Ravitaillement apr\u00e8s chaque course<\/li>\n<li>Ravitaillement \u00e0 mi distance pour le 10km<\/li>\n<li><strong>Acc\u00e8s \u00e0 l&rsquo;espace entreprises<\/strong><\/li>\n<li>Catering d&rsquo;avant course<\/li>\n<li>Street food by D\u00f4me Traiteur apr\u00e8s la course<\/li>\n<li>Openbar Chimay jusqu&rsquo;\u00e0 18h00<\/li>\n<\/ul>\n<p>[\/vc_pricing_table][\/vc_column][\/vc_row][vc_row css=\u00a0\u00bb.vc_custom_1547042811304{margin-top: 80px !important;}\u00a0\u00bb][vc_column]<div style=\"background-color:;height: 20px\" class=\"nicdark_section  \"><\/div>[\/vc_column][\/vc_row][vc_row full_width=\u00a0\u00bbstretch_row_content\u00a0\u00bb][vc_column width=\u00a0\u00bb1\/4&Prime; css=\u00a0\u00bb.vc_custom_1485357616909{border-top-width: 1px !important;border-right-width: 1px !important;border-bottom-width: 1px !important;border-left-width: 0px !important;padding-top: 60px !important;padding-right: 60px !important;padding-bottom: 60px !important;padding-left: 60px !important;border-left-color: #f1f1f1 !important;border-left-style: solid !important;border-right-color: #f1f1f1 !important;border-right-style: solid !important;border-top-color: #f1f1f1 !important;border-top-style: solid !important;border-bottom-color: #f1f1f1 !important;border-bottom-style: solid !important;}\u00a0\u00bb]\n    <div style=\"text-align:center\" class=\"nd_options_section\">\n      <img decoding=\"async\" alt=\"\" style=\"width:70px\" class=\" nd_options_margin_0 nd_options_padding_0 \" src=\"https:\/\/ekidencharleroi.be\/wp-content\/uploads\/2023\/08\/5a10km.png\">\n    <\/div>\n   <div style=\"background-color:;height: 10px\" class=\"nicdark_section  \"><\/div> <h4 style=\"color:#878787;padding:px;text-align:center;font-size:14px;line-height:15px;letter-spacing: 2px;font-weight:lighter\" class=\"   nd_options_second_font \">5 \u00e0 10k<\/h4> [\/vc_column][vc_column width=\u00a0\u00bb1\/4&Prime; css=\u00a0\u00bb.vc_custom_1485357625043{border-top-width: 1px !important;border-right-width: 1px !important;border-bottom-width: 1px !important;border-left-width: 0px !important;padding-top: 60px !important;padding-right: 60px !important;padding-bottom: 60px !important;padding-left: 60px !important;border-left-color: #f1f1f1 !important;border-left-style: solid !important;border-right-color: #f1f1f1 !important;border-right-style: solid !important;border-top-color: #f1f1f1 !important;border-top-style: solid !important;border-bottom-color: #f1f1f1 !important;border-bottom-style: solid !important;}\u00a0\u00bb]\n    <div style=\"text-align:center\" class=\"nd_options_section\">\n      <img decoding=\"async\" alt=\"\" style=\"width:70px\" class=\" nd_options_margin_0 nd_options_padding_0 \" src=\"https:\/\/ekidencharleroi.be\/wp-content\/uploads\/2023\/08\/42k.png\">\n    <\/div>\n   <div style=\"background-color:;height: 10px\" class=\"nicdark_section  \"><\/div> <h4 style=\"color:#878787;padding:px;text-align:center;font-size:14px;line-height:15px;letter-spacing: 2px;font-weight:lighter\" class=\"   nd_options_second_font \">42k au final<\/h4> [\/vc_column][vc_column width=\u00a0\u00bb1\/4&Prime; css=\u00a0\u00bb.vc_custom_1485357632097{border-top-width: 1px !important;border-right-width: 1px !important;border-bottom-width: 1px !important;border-left-width: 0px !important;padding-top: 60px !important;padding-right: 60px !important;padding-bottom: 60px !important;padding-left: 60px !important;border-left-color: #f1f1f1 !important;border-left-style: solid !important;border-right-color: #f1f1f1 !important;border-right-style: solid !important;border-top-color: #f1f1f1 !important;border-top-style: solid !important;border-bottom-color: #f1f1f1 !important;border-bottom-style: solid !important;}\u00a0\u00bb]\n    <div style=\"text-align:center\" class=\"nd_options_section\">\n      <img decoding=\"async\" alt=\"\" style=\"width:70px\" class=\" nd_options_margin_0 nd_options_padding_0 \" src=\"https:\/\/ekidencharleroi.be\/wp-content\/uploads\/2023\/08\/Relayeur.png\">\n    <\/div>\n   <div style=\"background-color:;height: 10px\" class=\"nicdark_section  \"><\/div> <h4 style=\"color:#878787;padding:px;text-align:center;font-size:14px;line-height:15px;letter-spacing: 2px;font-weight:lighter\" class=\"   nd_options_second_font \">RELAIS \u00e0 6<\/h4> [\/vc_column][vc_column width=\u00a0\u00bb1\/4&Prime; css=\u00a0\u00bb.vc_custom_1485357641445{border-top-width: 1px !important;border-right-width: 0px !important;border-bottom-width: 1px !important;border-left-width: 0px !important;padding-top: 60px !important;padding-right: 60px !important;padding-bottom: 60px !important;padding-left: 60px !important;border-left-color: #f1f1f1 !important;border-left-style: solid !important;border-right-color: #f1f1f1 !important;border-right-style: solid !important;border-top-color: #f1f1f1 !important;border-top-style: solid !important;border-bottom-color: #f1f1f1 !important;border-bottom-style: solid !important;}\u00a0\u00bb]\n    <div style=\"text-align:center\" class=\"nd_options_section\">\n      <img decoding=\"async\" alt=\"\" style=\"width:70px\" class=\" nd_options_margin_0 nd_options_padding_0 \" src=\"https:\/\/ekidencharleroi.be\/wp-content\/uploads\/2023\/08\/DOME.png\">\n    <\/div>\n   <div style=\"background-color:;height: 10px\" class=\"nicdark_section  \"><\/div> <h4 style=\"color:#878787;padding:px;text-align:center;font-size:14px;line-height:15px;letter-spacing: 2px;font-weight:lighter\" class=\"   nd_options_second_font \">DEPART DU D\u00d4ME<\/h4> [\/vc_column][\/vc_row]<\/p>\n<\/section>","protected":false},"excerpt":{"rendered":"<p>[vc_row css=\u00a0\u00bb.vc_custom_1547042811304{margin-top: 80px !important;}\u00a0\u00bb][vc_column][vc_column_text] Rendez-vous le 01 octobre! &nbsp;[\/vc_column_text][\/vc_column][\/vc_row][vc_row][vc_column][vc_toggle title=\u00a0\u00bbUn team building en courant\u00a0\u00bb] Espace enterprises ouvert pour prendre une collation avant la course&nbsp; Premier d\u00e9part \u00e0 13h00 relais 5 + 10 + 5 + 10 + 5 + 7km un bar Chimay et un espace petite restauration&nbsp; la possibilit\u00e9 de discuter entre vous et [&hellip;]<\/p>\n","protected":false},"author":1,"featured_media":0,"parent":0,"menu_order":0,"comment_status":"closed","ping_status":"closed","template":"","meta":{"_monsterinsights_skip_tracking":false,"_monsterinsights_sitenote_active":false,"_monsterinsights_sitenote_note":"","_monsterinsights_sitenote_category":0,"footnotes":""},"class_list":["post-1670","page","type-page","status-publish","hentry"],"aioseo_notices":[],"_links":{"self":[{"href":"https:\/\/ekidencharleroi.be\/index.php\/wp-json\/wp\/v2\/pages\/1670","targetHints":{"allow":["GET"]}}],"collection":[{"href":"https:\/\/ekidencharleroi.be\/index.php\/wp-json\/wp\/v2\/pages"}],"about":[{"href":"https:\/\/ekidencharleroi.be\/index.php\/wp-json\/wp\/v2\/types\/page"}],"author":[{"embeddable":true,"href":"https:\/\/ekidencharleroi.be\/index.php\/wp-json\/wp\/v2\/users\/1"}],"replies":[{"embeddable":true,"href":"https:\/\/ekidencharleroi.be\/index.php\/wp-json\/wp\/v2\/comments?post=1670"}],"version-history":[{"count":3,"href":"https:\/\/ekidencharleroi.be\/index.php\/wp-json\/wp\/v2\/pages\/1670\/revisions"}],"predecessor-version":[{"id":1673,"href":"https:\/\/ekidencharleroi.be\/index.php\/wp-json\/wp\/v2\/pages\/1670\/revisions\/1673"}],"wp:attachment":[{"href":"https:\/\/ekidencharleroi.be\/index.php\/wp-json\/wp\/v2\/media?parent=1670"}],"curies":[{"name":"wp","href":"https:\/\/api.w.org\/{rel}","templated":true}]}}